 w be (-1)/(((-1)/1)/1). Let t(m) = m**3 - 5*m**2 + m - 2. Let d be t(5). Let h = d - w. What are the prime factors of h?
2
Suppose -4*m + 4*v + 8 = 0, -5*m + 2*v - 7*v = 0. Suppose -d = -0*d - m. What are the prime factors of ((3*2)/2)/d?
3
Let t = 12 + -7. Suppose 4*b - n = -70, -t*b - 101 = -n - 13. Let s = -8 - b. What are the prime factors of s?
2, 5
Let r be -1 + (0 + -39)/(-3). Suppose s + 5*f - 15 = 0, -2*f - 2*f = 5*s - r. Suppose 5*z - 2*t - 21 = s, t + 9 = -2*t. List the prime factors of z.
3
Let i(g) = -g**3 + 11*g**2 - 12*g - 5. What are the prime factors of i(8)?
7, 13
Let k(m) = -m**3 + 3*m**2 + 6*m - 2. Let q be k(4). Let n be q/(-5)*(-20)/(-6). List the prime factors of (n/(-6))/(2/36).
2, 3
Suppose 7*c - 26 = 6*c. List the prime factors of c.
2, 13
Let i(q) = 2*q**2 - 9*q + 4. Let l(c) = c**2 - 4*c + 2. Let r(b) = -2*i(b) + 5*l(b). Let y be r(2). Suppose 4*d = y + 14. What are the prime factors of d?
2
Let q be 11/4 + (-5)/(-20). Suppose 33 = q*p - 24. List the prime factors of p.
19
Suppose 0 = t - 2*f + 8, 3*t - 5*f = -0*f - 21. What are the prime factors of 4*2/4 - t?
2
Let k(g) = 3 + g + 2 + 0. Let y be k(4). Suppose 3*s = -y + 33. What are the prime factors of s?
2
Let p = -118 - -173. What are the prime factors of p?
5, 11
Let f = 3 - -15. Let y = f + -13. What are the prime factors of y?
5
Suppose -4*l - 30 = -670. Let p be (l/(-12))/((-2)/6). Let s = 57 - p. List the prime factors of s.
17
Suppose -p - 1 = -3. Suppose -2*u + 7*u - 59 = -4*c, -52 = -4*u - p*c. List the prime factors of u.
3, 5
Let b = 8 - 5. Suppose -b*q + 183 = 4*u + 35, -2*q + 2*u = -94. What are the prime factors of (q/20)/(2/10)?
2, 3
Let b be 5*(-7)/2*2. Let j be (28/b)/(2/(-5)). Suppose -j*m + 64 = 2*m. List the prime factors of m.
2
Let b(z) = z**3 - 2*z**2 + 4. List the prime factors of b(4).
2, 3
Let q(u) = -u + 6. Let d be q(10). Let t(i) = i**2 + 8*i + 5. Let p be t(-5). List the prime factors of (-114)/(-10) - d/p.
11
Suppose -16 = -5*a + 2*c, 3*a - 2*c + 3 = -5*c. Suppose -3*y = -t + 9, 4*y + 6 = -a. List the prime factors of t + 2 + (-12)/4.
2
Let k be 8/(-3)*6/(-4). List the prime factors of -1 + k + 2 + 13.
2, 3
Let z = 9 - 6. Suppose -z = -i + 18. What are the prime factors of i?
3, 7
Let p(o) = -o**3 - 10*o**2 - 9*o + 10. Let z(l) = 9*l. Let u be z(-1). List the prime factors of p(u).
2, 5
Let y = -22 - -15. Let t(j) = -j**2 - 10*j - 9. List the prime factors of t(y).
2, 3
Suppose 2*a - 67 = 13. Suppose a = -5*x - 25. Let f = -8 - x. List the prime factors of f.
5
Let v = -34 + 47. Let o be 4/26 + (-2)/v. What are the prime factors of o - (1 + -1) - -15?
3, 5
Suppose -4*c + 30 = c. List the prime factors of (-102)/(-9) + 4/c.
2, 3
Let x(v) = -v**2 - 3*v - 3. Let n be x(-2). Let l be -2 + 1 + 6 + n. Suppose 10 = l*m + m. What are the prime factors of m?
2
List the prime factors of 3 + (-69)/21 + 786/7.
2, 7
Let w = -71 - -104. Suppose 2*y - w = 1. List the prime factors of y.
17
Suppose 0 = -4*v - l + 197, 3*v + 0*l + l = 148. What are the prime factors of v?
7
List the prime factors of (1/(-3))/((-16)/12240).
3, 5, 17
List the prime factors of 11 - 7 - ((-6)/3 + -197).
7, 29
List the prime factors of (15/45)/((-1)/(-531)).
3, 59
Let z(c) = -5 - 2*c - 6*c**2 + 3*c**2 + 3*c**3 - 2*c**3 + c. Let n be z(4). Suppose 5*k - 13 - n = 0. List the prime factors of k.
2
Let p = 197 + -139. List the prime factors of p.
2, 29
Suppose -49 = -p - 3*m, -m + 4*m - 223 = -4*p. List the prime factors of p.
2, 29
What are the prime factors of 14/98 - (-516)/14?
37
Suppose 4*p = -5*p + 1449. List the prime factors of p.
7, 23
Let w(b) = -b**3 - 8*b**2 - 9. Let z be ((-4)/10)/((-1)/15). Let m(i) = -i**3 - 7*i**2 - 8. Let n(q) = z*m(q) - 5*w(q). List the prime factors of n(-3).
2, 3
Let a = 13 - 10. Suppose -d = -a*l + 114, 3*d = 5*l - 240 + 54. What are the prime factors of l?
3, 13
Let m be 1 + (-3 - -2) - -4. Suppose -3 + 10 = m*c - r, 3*c - 2 = 4*r. What are the prime factors of c?
2
Suppose -3*n - 3*b = -9, -4*n + 30 = -7*b + 2*b. Suppose 3*f + 16 = x + 5*f, n*f = -2*x + 34. What are the prime factors of x?
2, 3
Let l = 9 - -55. Suppose -l + 12 = -4*u. List the prime factors of u.
13
Suppose 8*d - 25 = 3*d. Let n = d - 3. List the prime factors of n.
2
What are the prime factors of 1/2 - (-1 - 1419/6)?
2, 7, 17
Suppose 0*y + 8 = 4*y. Suppose 16 = y*o - 0*o. What are the prime factors of o?
2
Let o(v) = -2*v**3 - 3*v**2 - 6*v + 7. List the prime factors of o(-5).
2, 53
Let z be 0*(-1 - 0)*-1. Suppose -5*m = 5*l - 0*m - 30, 4*l + 3*m - 19 = 0. List the prime factors of z/l + -2 + 7.
5
Suppose s - 4*s + 24 = 0. Suppose -2*n = -18 - s. List the prime factors of n.
13
Let s(u) = u**3 + 7*u**2. Let i be -3 - (-3)/6*-8. Let c be s(i). Suppose l + c - 2 = 0. What are the prime factors of l?
2
Let z(t) = -4*t - 3. Let x(n) = -4*n**2 + 2*n - 1. Let i be x(1). List the prime factors of z(i).
3
Let k be (-3)/2*(-4)/3. Let p(i) = 2*i - 3. Let m(v) = -3*v + 4. Let w(t) = -5*m(t) - 8*p(t). What are the prime factors of w(k)?
2
Suppose -16 = -4*r + 240. What are the prime factors of r?
2
Let p = -5 - -7. Suppose 0*c = -p*c + 4. Suppose -2*g = c*g + 3*s - 13, -2*g + 4*s = -12. What are the prime factors of g?
2
Let c be 4/10*(-18 + 3). Let a(r) = -2*r**3 - 9*r**2 - 6*r - 4. Let x be a(c). List the prime factors of (-10)/(-45) + x/18.
2
Suppose o + 4 - 127 = 0. List the prime factors of o.
3, 41
Let n(y) = y**2 - 4*y + 3. Let x be n(4). Suppose -2*k - 3*p + 27 = 0, -4*p - 57 = -x*k - 3*p. List the prime factors of k.
2, 3
Let r(p) = -p**3 + 7*p**2 + 5*p + 10. Let x be r(8). List the prime factors of 1/(40/x + 3).
7
Let f(r) be the second derivative of r - 5/6*r**3 + 0 + 1/20*r**5 + r**2 + 1/3*r**4. What are the prime factors of f(-5)?
2
Suppose 2*b - 7*b = 0. Suppose b = 5*k - 0*k + 5*c, 21 = 5*k - 2*c. What are the prime factors of k?
3
Suppose -p = -5*w - 24 + 340, 0 = 2*p + 2. What are the prime factors of w?
3, 7
Suppose -5*d + 2*b = -0*d - 250, -270 = -5*d - 2*b. Suppose 4*x + 4*t = d, 5*x - x - 72 = t. List the prime factors of x.
17
Let c(q) = q**2 - q - 11. What are the prime factors of c(-5)?
19
Suppose 3*x = -x + 4*b - 72, -5*b + 34 = -x. List the prime factors of (-172)/x - (-4)/(-14).
2, 3
Suppose -146 = 4*s - 6*s. What are the prime factors of s?
73
Let t = -1 + 3. Suppose 49 = 5*p - t*u, 3*u = 5*u - 6. List the prime factors of p.
11
Let z(t) = -t**3 - 3*t**2 + 2*t - 2. Let f be z(-4). Let s = f - 2. Suppose -s*h - 11 = -5*h. List the prime factors of h.
11
Suppose -2*a - c + 29 = 0, -5*a - 34 = c - 99. Suppose a = 4*d - 36. List the prime factors of d.
2, 3
Let i(k) = -k**3 - 7*k**2 + 11*k + 9. Let o be i(-8). List the prime factors of -1*(-2)/(-2) - o.
2, 7
Suppose -3*r - 396 = r + 4*g, -364 = 4*r - 4*g. Let j = 141 + r. What are the prime factors of j?
2, 23
Let c = 2 - 2. Suppose c = -h + 2*h - 3. Suppose -x - 6 = -h*x. What are the prime factors of x?
3
Let z = 59 + -31. What are the prime factors of z?
2, 7
Let b(v) = 6*v - 3. Let j be b(3). What are the prime factors of (-6)/j - (-96)/15?
2, 3
Let u = 3 + 3. What are the prime factors of (u + 0 - -3) + 2?
11
Suppose 5*y - z + 25 = 0, z - 8 = -3. List the prime factors of (y/(-6))/((-6)/(-81)).
3
Suppose 0 = 5*u - 12 - 3. Suppose -n = -4*w + 20, 0 = n - u*n. Suppose 0*s - 5*s - 4*q = -40, -w*s + 30 = 2*q. What are the prime factors of s?
2
Let a be 2/(-6) - 22/(-3). Let q(b) = 20*b + 3. Let s(u) = 13*u + 2. Let x(c) = a*s(c) - 5*q(c). List the prime factors of x(-1).
2
Let p(r) = -2 + 0 + 2*r**2 - 6*r - 3*r**2. Let f be p(-6). Let l(d) = 4*d**2 + 2*d - 2. What are the prime factors of l(f)?
2, 5
Let t be 0/(3 - 1) + 3. Suppose -3*l + 28 = h, 4*h = t*l - 8 - 0. Suppose 3*r + 2 = l. What are the prime factors of r?
2
Suppose 44 = -t + 5*t. Suppose 3 = -2*v + t. Suppose -4*o + v*l = -20, 0 = -5*o - 2*l + 36 + 10. What are the prime factors of o?
2
Suppose 4*m = -5*o + 29, -5*o + o + 4*m + 16 = 0. Suppose -36 - 14 = -o*u. List the prime factors of u.
2, 5
Let l = -6 + 13. List the prime factors of 0/(9/3) + l.
7
List the prime factors of 4/(-30) + 77/15.
5
Let t = 91 - 78. List the prime factors of t.
13
Let q = 50 + -22. What are the prime factors of q?
2, 7
Suppose -l + 12 = -4*l. Let n = l - -6. 